igit of w?
3
What is the tens digit of ((-9)/(-18))/((-2)/(-164))?
4
Let g(i) = -3*i**2 + 3*i + 0*i**2 + 4*i**2 + 5*i - 10. What is the units digit of g(-10)?
0
Let p(d) = 78*d**3 + 2*d**2 - 1. What is the units digit of p(1)?
9
Let x = -1 - -1. What is the units digit of (-21)/(-3) + 1 + x?
8
Suppose -v - 4*v = -45. What is the units digit of v?
9
Let h be (-4)/6 - (-478)/6. Suppose 5*j - 31 - h = 0. What is the tens digit of j?
2
Let p(b) = b**2 + b + 3. Let q be p(0). Let l(i) = 4*i - 3. Let u be l(q). Let c = u - 2. What is the units digit of c?
7
Suppose 5*x - 8*v = -12*v + 284, 4*x - 3*v = 252. What is the tens digit of x?
6
Suppose -5*d - 50 = -3*d. Let l = d - -71. What is the tens digit of l?
4
Let p(y) = y**2 + 4*y + 3. Let q be p(-5). What is the units digit of q/(-44) - 1372/(-44)?
1
Let j(s) = s**2 - 3. Let k be j(3). What is the units digit of 3/(3/12*k)?
2
Suppose 3*m = -2*u + 82, -3*u + m + 51 = -50. What is the tens digit of u?
3
Let w = 6 - -9. Let d = 0 + w. What is the units digit of d?
5
Let o(h) = 2*h**2 + 5*h - 3. Let s be o(-4). Let n = s + 0. What is the units digit of n?
9
Let q(u) = u**2 - 10*u + 1. Suppose i + h = 10, -32 = -5*i - 4*h + 18. Let d be q(i). What is the tens digit of 3 - -8*(d + 1)?
1
Let u = 2 - -13. Suppose 11 + 10 = 3*z. Let o = u - z. What is the units digit of o?
8
Let n be 21 + 0/(1 + 1). Let s be 16/(-6) - (-2)/3. What is the units digit of (n/(5 + s))/1?
7
Suppose z = -3*a - 1, -2*a - 3*z + 2*z = 0. What is the units digit of 0 - (0/a - 5)?
5
Suppose 5*g - 3*x - 447 = 0, 5*x + 176 + 269 = 5*g. Suppose -2*i + g = i. What is the tens digit of i?
3
Let q(s) = s**3 - 4*s**2 + s - 2. Suppose -d - 2*d + 12 = 0. Let h be q(d). Suppose 0 = -5*v - 5*k - 10, -h*v + 4*k = -14. What is the units digit of v?
1
Let u(w) = 16*w**3 - w**2 - w + 1. Suppose 26 = -5*h - 79. Let r be 2/6 + (-14)/h. What is the tens digit of u(r)?
1
Let c(b) = b + 7*b - b**2 - 14 + 9. Let z(j) = j**3 + 7*j**2 + 5*j. Let v be z(-6). What is the units digit of c(v)?
7
Let p = 1 + -1. Suppose -3*w - 2*c - 55 = p, 5*w + 4*c + 50 = 3*w. Let k = -2 - w. What is the tens digit of k?
1
Let m(x) = -x**3 + 5*x**2 + 2. Let o be m(5). Suppose 0 = -3*l + 3*n + 3, -o*l - 5*n = -0*l + 5. Let t = l + 1. What is the units digit of t?
1
Let p be (-2 + 2)*1/1. Suppose 3*u - 3*a - 36 = 0, a - 1 + 5 = p. What is the units digit of u?
8
Let t be 52/16 - (-3)/(-12). What is the tens digit of (t - 1)/(-4)*-28?
1
Suppose -35 = -l + 3*y + y, -32 = -l + 5*y. What is the units digit of l?
7
Let v be 3/(-12) + (-18)/(-8). Suppose -4*r + 18 = -v*r. What is the units digit of r?
9
Let s(n) = n**3 - 10*n**2 - n + 11. Suppose 0 = 2*k + 3*k + b - 52, 3*k + 2*b - 34 = 0. Suppose -4*h + i + 50 = h, h = 2*i + k. What is the units digit of s(h)?
1
Let f(k) = -4*k**2 - 7*k - 1. Let b(z) = -5*z**2 - 7*z. Let v(c) = 3*b(c) - 4*f(c). Let g be v(-7). Let i = 0 + g. What is the units digit of i?
4
Let s(g) = -2*g**3 - g**2 - g + 1. Suppose -5*w - 1 = -6. Let q be s(w). Let z = q - -11. What is the units digit of z?
8
Let i = 58 + -28. What is the tens digit of i?
3
Suppose 18 = 3*s + 75. Let q = s + 40. What is the tens digit of q?
2
Suppose -2*x = 3*z + 1 - 2, 0 = -4*x + 3*z - 7. Let l(p) be the third derivative of -p**6/40 + p**5/60 - p**3/6 - p**2. What is the units digit of l(x)?
3
Let x(l) = -l**2 + 5*l - 2. Let j = 5 + -1. Let i be x(j). Suppose 0*d - i*d = -26. What is the tens digit of d?
1
Let o = 20 + -17. Suppose -138 = -k - 3*k - o*z, 5*z + 122 = 4*k. What is the tens digit of k?
3
What is the tens digit of (1/(-2))/((1/226)/(-1))?
1
Let p = -12 + 12. Suppose 0 = -4*b + 2*f - p*f + 84, -4*b + 3*f = -86. What is the tens digit of b?
2
Suppose 0*c - 2 = -c. Suppose -5*u = 0, p + 4*u - c = 3*p. What is the units digit of 12/16 - p/4?
1
Let a = 1 - -1. Suppose 0 = h + a - 13. What is the tens digit of h?
1
Let z = -24 - -22. What is the tens digit of 36 - (z - (-1 + 1))?
3
Suppose j = -5*f + 183, -9 = 4*f - 3*j - 163. What is the tens digit of f?
3
Suppose -4*q = -2*q - 4. Suppose g = q*g - 1. What is the units digit of g?
1
Let j(d) be the second derivative of -d**5/20 - d**3/6 - d**2 - 4*d. Let a = -5 - -3. What is the units digit of j(a)?
8
Let w(i) = 5 - i + 0 + 5. Let d be w(0). What is the units digit of 2 + 2 + -6 + d?
8
Let n = 221 - 135. What is the units digit of n?
6
Suppose 8*c + 90 = 9*c. What is the tens digit of c?
9
Suppose u + 4 = 3, 3*u = z - 151. What is the hundreds digit of z?
1
Suppose -15 = 5*q + k - 60, -4*k - 9 = -q. What is the units digit of q?
9
Suppose 2*h - 4*x + x = 11, -5*h + 24 = -4*x. Suppose 3*i = 7*i - h. What is the units digit of i?
1
Suppose 0 = 4*w + w + 4*p - 36, -2*w + 24 = 4*p. Let x be 30/w + 4/(-8). Let u = x - -10. What is the units digit of u?
7
Suppose 5 = 5*m + 25. Let t = 2 + m. What is the units digit of t/(-3)*(4 - 1)?
2
Suppose -2*f - f + 5*j = -678, -2*j - 678 = -3*f. What is the units digit of f?
6
Suppose 4*d - 5*d + 12 = 0. What is the units digit of (2/(-3))/(d/(-126))?
7
Suppose 4*i + 9 = -5*g + 413, -2*g - 376 = -4*i. What is the tens digit of i?
9
Suppose -2*a - 4*y - 7 + 33 = 0, 32 = 2*a + y. What is the units digit of a?
7
Let j = 0 - 0. Suppose j = -i - i + 78. Suppose -5*d = -15, q + d = -3*q + i. What is the units digit of q?
9
Suppose -12*n = -545 - 43. What is the tens digit of n?
4
Let x be 66/4*4/(-2). Let p = 53 + x. What is the tens digit of p?
2
Suppose 31*w + 10 = 33*w. What is the units digit of w?
5
Let l be -2 + 0/(-1 + -1). Let r = l + 13. What is the tens digit of r?
1
Suppose -2*b + 3*b = 3. Suppose -4*n + b*n = -5. What is the units digit of n?
5
Let f(g) = -g**3 + 2*g**2 + 7*g - 6. Let d be f(4). What is the tens digit of (156/10)/((-4)/d)?
3
Let j(v) = -v**3 - 4*v**2 + v + 4. Let y be j(-4). Let q = -169 + 243. Suppose y = -3*i - 5*w + q, 0 = 3*w + 1 - 13. What is the tens digit of i?
1
Let i(g) = -g**2 - 3*g + 2. Let t be i(-5). Let y(a) = -a**2 - 10*a - 7. What is the units digit of y(t)?
9
Let x = 320 - 195. What is the hundreds digit of x?
1
Suppose -p - 2*c + 144 = -c, -3*p - 5*c + 430 = 0. What is the hundreds digit of p?
1
Let y(t) be the second derivative of 7*t**3/6 - t**2/2 + 4*t. Let p be y(-2). Let f = p + 25. What is the tens digit of f?
1
Let v(s) = -s**2 + 4*s + 5. Let j(r) = -2*r**2 + 8*r + 11. Let p(o) = -3*j(o) + 7*v(o). Let i be p(4). What is the units digit of (7/(-5))/(i/(-10))?
7
Let j(l) = -l. Let h(k) = 4*k + 4. Let m(t) = -h(t) + 2*j(t). What is the tens digit of m(-3)?
1
Let n = 21 + -37. What is the tens digit of ((-11)/(-2))/((-8)/n)?
1
What is the units digit of ((-1)/(-2))/((-2)/(-12))?
3
Suppose 4*n + 131 = 2*b + b, 5*b + 2*n = 201. What is the tens digit of b?
4
Let p(u) be the first derivative of -5*u**4/2 - 2*u**3/3 - u**2 - u - 3. Let s be p(-1). What is the units digit of (5/3)/(3/s)?
5
Let b(s) = -5*s**2 - 2*s - 7. Let z(u) = -u**2 + u - 1. Let x(t) = -b(t) + 4*z(t). What is the units digit of x(-6)?
3
Suppose 0*l - 32 = -l - 4*y, -l + 52 = -y. Suppose 2*k - l = -2*k. What is the units digit of k?
2
Suppose 4*a + 4 = 9*a + 2*w, -a + 14 = -4*w. Let l be (-2)/(-3)*15/a. Suppose -32 = -3*v - l. What is the units digit of v?
9
Suppose 186 = 3*f + 3*b, -f + 41 = 4*b - 27. Let m be f/14 + (-2)/7. Suppose -30 = -m*t + 6. What is the units digit of t?
9
Let y(g) = -g**2 - 8*g - 3. Let c be y(-8). Let r = 6 + c. Suppose f = 2*n - 8 + 2, n = -r*f + 3. What is the units digit of n?
3
Let t = 0 + 3. Let u = t - 3. Suppose z + u*y = -y, 3*y - 2 = -4*z. What is the units digit of z?
2
Let n be 12 - (-3)/1*1. What is the units digit of n - (2 + 1 - 4)?
6
Suppose 2 = -4*m + 22. What is the units digit of 17 - (-5)/(m/(-2))?
5
What is the units digit of 1*-3 + (9 - -12)?
8
Let k = -174 + 459. What is the hundreds digit of k?
2
Let f(a) = -a**2 - 15*a - 5. Let l be f(-13). Let u = 0 - 0. Suppose u*y = 3*y - l. What is the units digit of y?
7
Let o = 1 - -2. Suppose -5*q + 13 = o*m, -2*q + 4 = 3*m - 3. What is the units digit of -1 - (m*-7 - 2)?
8
Suppose -4*h - 3*c = -204, 4*c + 102 = -3*h + 248. What is the units digit of h?
4
Let l = 135 - 89. What is the units digit of l?
6
Let b = 33 + 33. What is the units digit of b?
6
Let i = 291 - 152. Suppose 5*s = -19 